t is 146a5ba - 10?
146a5aa
In base 9, what is 1067 - 77032?
-75854
In base 3, what is 10 - 1201012021000111?
-1201012021000101
In base 10, what is -5 - -13092790?
13092785
In base 7, what is 1300542262 + -2?
1300542260
In base 2, what is -1100 - -101011000011011001000111000?
101011000011011001000101100
In base 7, what is 501 - 106554?
-106053
In base 6, what is -3 - -30455025?
30455022
In base 13, what is -3 - 27872915?
-27872918
In base 13, what is 1 + -2b09011?
-2b09010
In base 8, what is -45 + -5645022?
-5645067
In base 15, what is -1 - -a16eb0?
a16eae
In base 7, what is 0 + 21134263?
21134263
In base 10, what is 2 - 4351165?
-4351163
In base 11, what is 4 - 639081?
-639078
In base 15, what is -5 - -935654?
93564e
In base 10, what is 19305 - 50?
19255
In base 3, what is -10121212221021001 - 10?
-10121212221021011
In base 16, what is -1 + -13f7f0?
-13f7f1
In base 5, what is -102040242401 + -3?
-102040242404
In base 9, what is -138671161 + 0?
-138671161
In base 3, what is -1002220202120 - 110?
-1002220210000
In base 4, what is -1222301011033 - 1?
-1222301011100
In base 7, what is 111 + 114645664?
114646105
In base 16, what is -5a9d8 - -19?
-5a9bf
In base 4, what is -1113200 - -33?
-1113101
In base 6, what is -35314140 + 50?
-35314050
In base 4, what is -2 + 13011310100?
13011310032
In base 4, what is 11 + 212322211122?
212322211133
In base 9, what is 12884004 - 30?
12883864
In base 14, what is -79dd310 + 0?
-79dd310
In base 16, what is 30c - 3b7df?
-3b4d3
In base 10, what is -41 + 2871455?
2871414
In base 15, what is -1dcea - -3?
-1dce7
In base 13, what is -2 - 147c20a?
-147c20c
In base 4, what is -20111230 - 10121?
-20122011
In base 3, what is -110202201000 + -112101?
-110210020101
In base 7, what is -112665 - 31024?
-144022
In base 8, what is -600546016 + -2?
-600546020
In base 13, what is -114724 + -578?
-114c9c
In base 10, what is -24574888 + -3?
-24574891
In base 4, what is 2101311223211 + 1?
2101311223212
In base 2, what is -10101101100110 - 11000100?
-10110000101010
In base 4, what is -220002220001 - 211?
-220002220212
In base 14, what is -d7b44 + -2d7?
-d803b
In base 16, what is -1066 - 10768?
-117ce
In base 13, what is -25c577655 + 2?
-25c577653
In base 12, what is -1b3559 + 9?
-1b3550
In base 5, what is 240301 + 3030413?
3321214
In base 2, what is -11110 - 100010111011111110000?
-100010111100000001110
In base 5, what is 10 + 300130044?
300130104
In base 3, what is 120202001 + -1100000?
112102001
In base 15, what is 5c + -4e077b?
-4e071e
In base 3, what is 221210112020 - -1010?
221210120100
In base 11, what is a86 - -460655?
461630
In base 9, what is 512 + -4304231?
-4303618
In base 6, what is 25 - -22221403?
22221432
In base 8, what is 1423522 - 5?
1423515
In base 6, what is 114551401 - 4?
114551353
In base 8, what is -3711131 - -56?
-3711053
In base 4, what is 200031 - 212323023?
-212122332
In base 2, what is -1111010111 + -101011001110000101?
-101011011101011100
In base 7, what is 144422501 + -13?
144422455
In base 15, what is -7b99 - 64b?
-82e5
In base 6, what is -223522 + -1431?
-225353
In base 3, what is 101212011 + -11220010?
12222001
In base 7, what is 116 + -10404043?
-10403624
In base 13, what is -8a5aa5 - 0?
-8a5aa5
In base 4, what is -300012 - -123000201?
122100123
In base 5, what is -31243220113 - 0?
-31243220113
In base 16, what is -b2 - -948?
896
In base 15, what is -3 - 12dcb9?
-12dcbc
In base 7, what is -65 + 50404222?
50404124
In base 10, what is -16 + -3854573?
-3854589
In base 11, what is -38 - -19666a?
196632
In base 8, what is 160 + 74301?
74461
In base 11, what is -5 + 457964a3?
45796499
In base 3, what is -200011010 + 1121020201?
221002121
In base 6, what is 151444 - 3203?
144241
In base 13, what is -7a9 - 1b92?
-266b
In base 5, what is 1123242020 - 2?
1123242013
In base 8, what is -65432 - 4206?
-71640
In base 8, what is -4 + -26443141?
-26443145
In base 12, what is 32125b + -149?
321112
In base 5, what is -43243142 + 32?
-43243110
In base 9, what is 46 - 23413867?
-23413821
In base 15, what is -97152d2 - -2?
-97152d0
In base 2, what is 11 + -1110100101100011111011?
-1110100101100011111000
In base 5, what is -13 - 1132231301?
-1132231314
In base 12, what is 4a1973 + -77?
4a18b8
In base 11, what is 2079 + -18432a?
-182261
In base 11, what is 2759 + a85a?
12508
In base 8, what is -141 + 154031?
153670
In base 4, what is -11130 + 10223113?
10211323
In base 12, what is 77525a - 10?
77524a
In base 8, what is 406772 - 116?
406654
In base 11, what is -154 - 159a040?
-159a194
In base 10, what is -8365480 + -110?
-8365590
In base 11, what is a - 69657198?
-69657189
In base 15, what is -67952 + -4d2?
-67e34
In base 15, what is -58 + 8b31?
8ac8
In base 9, what is -22765 + 5113?
-16652
In base 7, what is 10 - -1420641?
1420651
In base 7, what is -500435 - 15?
-500453
In base 15, what is 334a - -cb2?
410c
In base 10, what is 176 - 410089?
-409913
In base 15, what is 12e026b + 17?
12e0283
In base 13, what is -239893b + -4?
-2398942
In base 15, what is -3 - -662cc?
662c9
In base 10, what is -4756751 - 213?
-4756964
In base 10, what is -2 - -60999502?
60999500
In base 10, what is -35 + -560948?
-560983
In base 16, what is 47 - 2722c?
-271e5
In base 8, what is -7521 + 7035?
-464
In base 9, what is -582 + 5250?
4557
In base 8, what is -103 - 6007677?
-6010002
In base 8, what is -24537 + 77326?
52567
In base 8, what is -27043 + 136?
-26705
In base 2, what is 11 + 111001001010101111010110?
111001001010101111011001
In base 7, what is 131430124 - -5?
131430132
In base 14, what is -61 + -21605?
-21666
In base 13, what is -c + 1488209?
14881ca
In base 6, what is -103 - 20253435?
-20253542
In base 14, what is -15 - d5a3d?
-d5a54
In base 8, what is 46 + 2410061?
2410127
In base 7, what is 1264311 + 456?
1265100
In base 13, what is -36c - -13234?
12b95
In base 14, what is -322 - -503?
1c1
In base 2, what is 1001011 + 1011010010011111?
1011010011101010
In base 4, what is 32132012 - -1231?
32133303
In base 4, what is -32220 - 200330132?
-201023012
In base 9, what is -5012701 - -40?
-5012651
In base 10, what is -1965 + -52420?
-54385
In base 4, what is 220320 - 21102?
133212
In base 2, what is 100010010110110000010011 + -1?
100010010110110000010010
In base 12, what is b22 + -2409?
-14a7
In base 8, what is 1243 + -1714023?
-1712560
In base 11, what is 205 - -6986?
7090
In base 15, what is -2 - -1ce6b439?
1ce6b437
In base 16, what is 18be + 2d58?
4616
In base 14, what is -4 + 64dc1ca?
64dc1c6
In base 14, what is -8 - 1230c2a?
-1230c34
In base 8, what is 342657 - -1344?
344223
In base 16, what is 2a54 + -278?
27dc
In base 11, what is a465 + -4?
a461
In base 12, what is 238a09 - b?
2389ba
In base 8, what is -210557637 + -2?
-210557641
In base 2, what is 10001101001001110 - 10010001?
10001100110111101
In base 7, what is 114 + -1160232?
-1160115
In base 13, what is 59 - -229815?
229871
In base 7, what is -205200323 - 61?
-205200414
In base 15, what is -14 - -602ea6?
602e92
In base 5, what is 14 + -121132312?
-121132243
In base 4, what is 1 + -1123123300?
-1123123233
In base 7, what is 154 + -35631216?
-35631032
In base 4, what is 130232 + 3000?
133232
In base 7, what is -11 + 355040?
355026
In base 2, what is 111000110010101000 - -11111101?
111000110110100101
In base 6, what is -13242055 + -5112?
-13251211
In base 10, what is -2739510 + 11?
-2739499
In base 8, what is -2057 + 7063?
5004
In base 4, what is 11 + 10130013313223?
10130013313300
In base 12, what is 225b55 + 1015?
226b6a
In base 3, what is 210 - -111100111121210?
111100111122120
In base 13, what is 1535428a + 3?
15354290
In base 6, what is 1434 - -442120?
443554
In base 3, what is -122000 + -1122212210?
-1200111210
In base 6, what is -10 - -354445300?
354445250
In base 7, what is 21066 + -13665?
4101
In base 8, what is -1173 - 101474?
-102667
In base 4, what is -3302123 + 3030?
-3233033
In base 14, what is -415d1 + 123d?
-40392
In base 5, what is -2323313 - -103?
-2323210
In base 7, what is -62622 + 30104?
-32515
In base 15, what is 36906 - 50?
368a6
In base 8, what is -71506 + -12544?
-104252
In base 2, what is -11101011000100000001001000 - 10?
-11101011000100000001001010
In base 16, what is 22 + 43331d?
43333f
In base 9, what is -2855 + 1053?
-1802
In base 7, what is 2340 - -2